 - 5*o = 2. What is the highest common factor of 8 and y?
8
Suppose 500 = 4*k - 2*u, 5*k + 0*u - u = 631. Suppose -5*d + z + 0 = -k, -3*z - 81 = -3*d. Calculate the highest common factor of 275 and d.
25
Suppose 0 = 4*c + a - 134, -a - 144 = -4*c + 3*a. Let k be ((-24)/(-5))/6*215. Let f = 308 - k. Calculate the greatest common divisor of f and c.
34
Suppose 5*w = -g + 200, w + 3*w = -3*g + 149. What is the highest common factor of 1189 and w?
41
Suppose -20*b = -9*b - 11. Let w be ((-5)/(-10))/(b/130). Let g be 1/((2/(-26))/(-1)). Calculate the greatest common factor of g and w.
13
Suppose 6*o = 7*o - 216. Calculate the highest common factor of o and 168.
24
Let s be -1 + 0 + 1560/78. What is the greatest common divisor of 551 and s?
19
Let z = 4 + 2. Let b(w) = -w**3 + 6*w**2 - w + 8. Let d be b(z). Suppose -d*u + 7*u - 440 = 0. Calculate the greatest common divisor of u and 8.
8
Let f(g) = -g**2 - 5*g. Let w be f(-5). Suppose -x + 50 + 5 = w. Let s = 53 + x. Calculate the highest common factor of s and 12.
12
Suppose 2*l - 4*v - 21 = 21, v = 3*l - 68. Let r = -14 + l. Suppose -4*w + 5*u = -7, 3*w + 5*u = 12 + 2. What is the greatest common divisor of r and w?
3
Let k = -766 - -1009. Calculate the greatest common divisor of 3 and k.
3
Let n = 24 - 24. Suppose -543 - 418 = -3*r - y, r - 2*y - 318 = n. Suppose -r = -5*k + 2*l + 3*l, -16 = 4*l. What is the greatest common divisor of k and 15?
15
Suppose -2*b - 4*h + 10 = 0, 60 = 5*b - 23*h + 26*h. Calculate the highest common factor of b and 465.
15
Suppose 5*z - 4*d = z + 4, 5*z = -2*d + 26. Suppose -m + 17 = 2*m - 5*t, z = 2*t. Let a be 188/12 + (-6)/m. Calculate the greatest common factor of a and 75.
15
Let p(d) = 3*d + 20. Let w be p(-11). Let i(n) = -4*n - 28. Let y be i(w). What is the highest common factor of 6 and y?
6
Let z(l) = -18*l + 6. Let r be z(-5). Suppose -6*t = -2*t - 32. Suppose t - 20 = -q. Calculate the greatest common factor of q and r.
12
Let h = 12 + 0. Suppose -h*p = -9*p - 192. What is the highest common divisor of p and 96?
32
Suppose -3 = -s - 0. Let a be 268/s + 4/6. Suppose 4*b + 9*k = 4*k + 60, -2*b = k - 24. What is the highest common divisor of a and b?
10
Suppose -5*b = -25, 36*b + 353 = 3*i + 31*b. Let t be -4*(-1 - 15/6). Calculate the greatest common divisor of i and t.
14
Let q(p) = 5*p**2 - 7*p. Let m be q(-5). Suppose 48 = -2*o + m. Calculate the highest common divisor of 8 and o.
8
Let y(z) = -z**3 + 5*z + 5. Let k be y(-5). Let n = 29 - 8. Calculate the highest common divisor of k and n.
21
Suppose 3*w - 5*w + 5*d = -26, -13 = -w + d. Let o be w*-5*-2 + 4/(-2). Calculate the highest common factor of 192 and o.
64
Suppose -4*s + 4 = 0, x + 0*s = s + 49. What is the greatest common factor of 175 and x?
25
Let z = 960 - 751. What is the highest common divisor of 171 and z?
19
Let p(j) = 8*j**2 - 3*j + 5. Let w be p(4). Suppose 41 = -b + w. What is the greatest common factor of b and 20?
20
Let q be (-2 - -4) + (-6)/6. Let b be 3/(q - -2) - -6. Let m be (1 - 0)/((-2)/(-28)). Calculate the highest common divisor of b and m.
7
Suppose -5*z - 11 = -4*y - 35, 5*z + 3*y = 17. Let c be (-91)/42 - (0 + 1/(-6)). Let q be c/(-2) - (-3)/(2/2). Calculate the greatest common factor of z and q.
4
Let c(p) = 112*p - 1. Let f be c(1). Suppose n - 4*n = -f. Let w = n + 75. What is the highest common divisor of w and 14?
14
Suppose -5*c + 19 = 4. Suppose c*o - 3*y - 64 = y, 0 = -4*o + 4*y + 88. What is the greatest common divisor of o and 8?
8
Let v(w) = w - 1. Let y(m) = -3*m + 3. Let q(i) = -8*v(i) - 3*y(i). Let r be q(5). Suppose 4*h + r = 20. What is the greatest common factor of h and 28?
4
Let o be 1/((-1)/1596*-6). What is the highest common divisor of 76 and o?
38
Suppose -3*l - 1 = -4. Suppose -y - 1 = l. Let x be y/7*(-14)/2. What is the highest common factor of 1 and x?
1
Let o(x) = -863*x**3 + 1. Let b be o(1). Let n = -66 - -79. Let j be b/(-18) + n/117. Calculate the highest common divisor of 16 and j.
16
Let a = 1 - -2. Let t(q) = 1 - 2*q - q**2 + a + 43*q**3 - 42*q**3. Let y be t(3). Calculate the highest common divisor of 2 and y.
2
Suppose 0 = 2*p - 3 - 57. Suppose -4*t + 26 = c + 5, -5*t = 2*c - p. Suppose 0*w + 3*n + 1308 = c*w, 4 = n. What is the highest common divisor of 24 and w?
24
Let x = -11 + 12. Let g be x - (-3 - (-2 - -2)). Calculate the highest common divisor of 8 and g.
4
Suppose -4*a = 22*a - 3510. What is the highest common divisor of 15 and a?
15
Let f be (15 - (-450)/27) + (-2)/(-6). What is the highest common factor of f and 16?
16
Let g be (-4 + 3)/((-1)/11). Suppose -966 = -14*y + 420. Calculate the greatest common factor of y and g.
11
Suppose 5*a = -n - 49 + 6, -4*a - 12 = 0. Let u = n + 29. What is the highest common divisor of 4 and u?
1
Suppose 3*a - 2944 = -2*a - 2*j, -a + 578 = -5*j. Calculate the greatest common factor of 21 and a.
21
Suppose s - 210 + 59 = 0. Let c = s - 53. Let h be -2*(-3 + -25)/4. What is the highest common divisor of h and c?
14
Let c be 10/(-20) + 2/4. Let q(j) = -j**3 - j**2 - 4*j + 32. Let d be q(c). What is the greatest common divisor of 128 and d?
32
Let p(w) = -w**2 + 11*w - 4. Let a be p(13). Let c be (-3)/(9/a) + -3. Calculate the highest common factor of 14 and c.
7
Suppose -2 - 108 = -2*q. Suppose j + 56 = 5*j. Let l = j - 9. Calculate the highest common factor of q and l.
5
Suppose -3*m + 13 = 2*l, 2*l + 23 = 4*m - l. Suppose 157 + 123 = m*d. What is the highest common factor of d and 7?
7
Suppose 0 = 6*u - 18 + 6. Calculate the greatest common factor of 38 and u.
2
Let z = 2193 + -1824. What is the highest common divisor of 82 and z?
41
Let l be (-3087)/(-42) + 12/8. Let g = -5 + 20. Calculate the greatest common factor of l and g.
15
Let h(j) = 4*j**2 - 27*j - 4. Let c be h(7). Suppose -2*t + 4*t - 68 = -c*s, 4 = -2*t. What is the greatest common divisor of s and 24?
24
Suppose 0 = -13*n + 6*n + 392. Calculate the highest common factor of 224 and n.
56
Suppose 26208 = -390*k + 442*k. What is the greatest common factor of k and 648?
72
Let k(o) = -o**3 + 21*o**2 + 30*o - 36. Let x be k(12). Calculate the highest common factor of x and 216.
108
Let g(j) be the first derivative of 119*j**2/2 + j + 5. Let k be g(1). Calculate the greatest common factor of 24 and k.
24
Let q = -50 - -50. Suppose -5*w + g + q + 5 = 0, w + 3*g - 17 = 0. Suppose -3*o + 16 = o. What is the highest common divisor of w and o?
2
Let s be -1*(-15)/3*(-6 + 7). Suppose -2 = -3*w - d + 1, -5*d = -s*w + 25. Calculate the greatest common factor of w and 3.
1
Suppose -1139 = -3*l + g, -5*l + 2453 = g + 568. What is the highest common divisor of 14 and l?
14
Suppose -32 - 22 = -2*i. Suppose -i = -2*z + 135. Suppose -3*p + 84 = -4*j, 3*j + 2*j - z = -4*p. What is the highest common divisor of 36 and p?
12
Suppose 5*f = -5*p - 125, 2*p - 2*f = -5*f - 53. Let r = -13 - p. Suppose v - 1 = r. Calculate the highest common factor of 15 and v.
5
Let d = 483 - 323. Suppose -4*j = -9*j + d. Calculate the greatest common divisor of 8 and j.
8
Suppose 0*z + 3*z - 2*u = 6, -u = -3. Suppose 0 = y - 3*s + 1, 36 = 3*y - 0*s + z*s. Calculate the highest common divisor of y and 64.
8
Suppose -4*r + 2*z = -2, -3*r = z - 6*z + 9. Suppose 0*c = -r*c + 32. Let u = -160 - -288. Calculate the highest common divisor of u and c.
16
Suppose 110*x = 132*x - 198. Calculate the greatest common factor of x and 12.
3
Let j(d) = -3*d + 33. Let x be j(-5). Let u = 1 - -5. What is the highest common factor of u and x?
6
Let d be -8*(-2 + (-21)/(-12)). Let m(x) = x**3 + 6*x**2 + 6*x + 7. Let q be m(-5). What is the greatest common factor of q and d?
2
Let g = -4 + 4. Suppose -o + 22 + 3 = g. Let x be (15*(-11)/(-330))/(1/10). What is the greatest common factor of x and o?
5
Suppose -5*d + 3*c + 153 = 0, 84*d = 88*d - 5*c - 138. Suppose 119 = 5*a - 3*z - z, 3*z + 42 = 2*a. What is the greatest common divisor of d and a?
27
Suppose -2*w - 1466 = -3650. Calculate the greatest common divisor of w and 84.
84
Let r be -2 + (-99)/(-3) - -3. Suppose 2*b + 3*b + 30 = 0. Let i be b/(-9) + 202/3. Calculate the highest common factor of r and i.
34
Let t be 7*(-6)/(-7)*-24. Let u be (0 + 10/(-8))*t. Suppose 3*x - u = -0*x. Calculate the greatest common factor of 10 and x.